7*g**2 + 21*g + 57. Let p be j(-18). Suppose -40 = 4*c - a, 0 = 5*c - p*a + 6*a + 33. Let x(d) = d**2 + 8*d - 11. Calculate x(c).
-2
Let l(j) = j**3 - 3*j**2 + 3*j - 4. Let a(x) = 3*x**2 - 15*x + 7. Suppose 2*w = 2*p + 26, -4*w + 0 + 7 = 5*p. Let s be a(w). Let n = s - 76. Determine l(n).
5
Let q(s) = -10*s**3 - 8*s**2 + 28*s + 14. Suppose 0 = 5*z - 202 + 212. Let g(u) = -3*u**3 - 3*u**2 + 9*u + 4. Let t(r) = z*q(r) + 7*g(r). Determine t(-6).
-6
Let c(f) = 5*f - 8. Let t be 7 + (2 - (6 + -7)). Let b(h) = h**2 - 9*h - 8. Let k be b(t). Give c(k).
2
Let t(f) be the third derivative of f**5/60 + f**4/8 - f**3/2 - 2*f**2. Suppose -1116*l = -391*l - 1450. What is t(l)?
7
Suppose 0*f = -f + 7. Let s(w) = -68 - 16*w + 11*w - 2*w**2 - 3*w + 3*w**2 + 67. What is s(f)?
-8
Let r(w) = 2*w**3 - 9*w**2 - 19*w + 7. Let b be r(6). Let d(t) = -5 - 5 - 3*t + 2 + b + 4*t. What is d(3)?
-4
Suppose 3*d - 2*w - 23 = -14, d + 2*w + 13 = 0. Let n(a) = 5*a**2 + 2. Calculate n(d).
7
Let u(d) = -785*d - 3920. Let l be u(-5). Let y(i) = -i**3 + 3*i**2 + 2*i + 18. What is y(l)?
-22
Let m(k) = 22*k + 27. Let v(o) = 29*o + 38. Let f(x) = 3*m(x) - 2*v(x). What is f(-2)?
-11
Suppose 8*l - 13*l = 3*m - 64, 4*m - 77 = -5*l. Let u(f) = -f**2 - 2 + 0 + 6*f + 16 - m. What is u(4)?
9
Let r(x) = 58*x + 6. Let h be r(0). Let g(l) = -l**3 + 6*l**2 - 3*l + 6. Determine g(h).
-12
Let l(y) = -125*y - 1124. Let n be l(-9). Let z(s) be the first derivative of 4*s**3/3 - s**2/2 + s - 1. Determine z(n).
4
Let z(t) = -t**3 - t**2 - 1. Suppose -6*h - 1226 = -1220. Let f(k) = -3*k**3 + 2*k**2 - 2*k - 3. Let w(j) = h*f(j) + 2*z(j). Give w(3).
-2
Let i(a) = -4*a + 34. Let z = -594 + 612. Determine i(z).
-38
Let q(p) = p + 23. Let f be q(-11). Suppose -10*v + 14*v - f = 0. Suppose 0 = 4*w + 3*x + 39 - 5, v*w + 5*x = -31. Let o(a) = -a**2 - 10*a - 3. What is o(w)?
18
Let c(x) = x**2 + 2*x + 4. Let h(f) = 3*f**2 - 16*f - 2. Let j(w) = 2*c(w) - h(w). Determine j(22).
-34
Let l(u) = -u**2 - u. Suppose -840 - 1148 = -4*g. Let y = -499 + g. Determine l(y).
-2
Suppose 16 = h - 3*h - 20. Let f(d) = 5*d + 87. Give f(h).
-3
Let j = -3320 + 3323. Let s(w) = 20*w - 12. Calculate s(j).
48
Suppose 3 = 5*w - 4*f, -4*w + 5 + 10 = f. Let o be 20/10 - (-6 + 4)/(-2). Let j(r) = -8*r + r**2 - o + r - 9*r + 12*r. Determine j(w).
-4
Let r(z) = 3*z**2 + 12*z + 3. Let j(g) = g**2 + 6*g + 2. Let v(n) = -5*j(n) + 2*r(n). Let x = -67 + 73. Calculate v(x).
-4
Let a(b) be the first derivative of -b**4/2 - 3*b**3 + 4*b**2 + 8*b - 56. Calculate a(-5).
-7
Suppose 80 = 2*j + 82. Suppose 3*h - 26 = -20. Let n(g) = -2*g**2 + 11*g**3 + h*g - 1 + g**2 - 3*g. Calculate n(j).
-12
Let c = 4664 + -4666. Let b(g) = -9*g**3 - 3*g**2 - 3*g - 1. Give b(c).
65
Let q = 15756 - 15772. Let x(m) = m**2 + 16*m + 22. Determine x(q).
22
Suppose -2*k - u - 2 = -8, -5*k + 15 = u. Suppose -b = p + 3*b + k, -5*b = 4*p + 1. Let z(c) = 18*c**3 + 2*c**2 - c. Calculate z(p).
19
Suppose -2*p - 16 = -6*p. Suppose 8*w - p*w = 32. Let t(d) be the third derivative of -d**5/60 + 7*d**4/24 + 7*d**3/6 + 11*d**2. Determine t(w).
-1
Let j(i) be the first derivative of -i**4/4 - 4*i**3/3 - 3*i**2/2 - 4*i - 2000. Determine j(-3).
-4
Let j(d) = d**3 + 6*d**2 - 7*d - 3. Let f be j(-7). Let q(c) be the first derivative of c**4/4 + 5*c**3/3 + 2*c**2 - c - 5756. Determine q(f).
5
Suppose -107*v + 4158 = -100*v. Let s = v - 598. Let k(y) be the third derivative of y**6/120 + y**5/10 + y**4/8 + 5*y**3/6 + y**2. Calculate k(s).
25
Suppose -142*d = -71*d + 781. Let g(w) = -w**2 - 14*w + 23. Calculate g(d).
56
Let n(i) = 19261*i + 19264*i - 38520*i + 16. Calculate n(-5).
-9
Let v(f) be the first derivative of 3*f - 5/2*f**2 - 1/3*f**3 - 6. Suppose 4*c - 5*u + 35 = 0, 3*c + 7 = -2*u - 2. Give v(c).
3
Let j(o) = -2*o**2 + 23*o + 51. Let n(x) = -6*x**2 + 69*x + 168. Let v(t) = -13*j(t) + 4*n(t). Calculate v(10).
-21
Let u be 3/(-2 - ((-1842)/308 + 4)). Let z = -256 - u. Let m = -96 - z. Let s(f) = f**2 - 7*f - 1. Calculate s(m).
-7
Let r(g) = 2*g**3 + 1. Let z be -4 + (-10)/(-2) + -6. Let l(v) = -9*v**3 + 9*v**2 + 7*v - 9. Let h(j) = z*r(j) - l(j). Calculate h(-8).
-4
Let l(g) = -g**3 + g**2 - g. Let n(p) = -2*p**3 - 2*p**2 - 7*p + 7. Let y(a) = 3*l(a) - n(a). Suppose -31 = -5*z - 11. Suppose 0 = -2*t + 6 + z. Give y(t).
13
Let b(j) = 8*j + 19. Suppose 2*m + 1435 - 1419 = -4*y, 2*m + 2*y + 18 = 0. What is b(m)?
-61
Let w(a) = -114*a + 135. Let o(n) = -67*n + 67. Let z(g) = -5*o(g) + 3*w(g). Give z(10).
0
Let r(g) = -1 + 0 + 2 - 4*g. Let b(k) = 10 - 5*k - 15 + 5. Let a(l) = -5*b(l) + 6*r(l). Determine a(-7).
-1
Let d(h) = 9*h - 5. Let o(n) be the first derivative of -3*n**2 + 2*n + 102. Let y(f) = 4*d(f) + 9*o(f). Determine y(-2).
34
Let t(f) = -8*f**2 - 3*f. Let n(s) = 17*s**2 + 7*s. Let j(h) = 2*n(h) + 5*t(h). Suppose 18*o - 23*o - 30 = 5*m, 5*m + 25 = 0. Determine j(o).
-5
Let u(g) = -g**3 - g**2 - g + 8. Suppose -57*l + 15934 = -7835. Let w = 417 - l. Give u(w).
8
Suppose -4*p + 3*t = p - 1496, -t - 599 = -2*p. Let v = p - -27. Let y be v/48 - 2/(-12). Let c(r) = -r**3 + 8*r**2 - 9*r + 6. What is c(y)?
-8
Let c = -1 + 0. Let l(w) = 10*w**3 - 47*w**2 - w - 4. Let t(q) = -13*q**3 + 63*q**2 + q + 5. Let u(z) = -4*l(z) - 3*t(z). Determine u(c).
0
Let s(l) = l**3 + 5*l**2 - 8*l - 8. Let r be 54/6 + -7 - -144. Let m = 140 - r. What is s(m)?
4
Suppose -14*w + 9*w + 10 = 0. Let v(i) = -2*i**w + 4*i + 5*i**2 + 5*i - 6 - 2*i**2 - 4*i. Let a be (-3 + 2)/((-1)/(-6)). Give v(a).
0
Let f(w) = 5*w**3 + 33*w**2 + 16*w - 15. Let i(g) = -2*g**3 - 15*g**2 - 7*g + 9. Let r(s) = 3*f(s) + 7*i(s). Calculate r(6).
12
Let u(f) be the first derivative of -5*f**2 - 7*f - 404. Determine u(0).
-7
Suppose 0 = 6*o - 20 - 10. Suppose 0*z + o = 5*z. Let p be 4 + (10/(-1))/z. Let a(d) = d**3 + 6*d**2 + 2*d + 9. Calculate a(p).
-3
Suppose -2*h - 3*u + 35 = 2*u, -h - 20 = -5*u. Suppose 14*y - 27 = h*y. Let t(d) = d + 3 + 3*d**2 - d**3 - 6*d + d**2. Calculate t(y).
-3
Let b(i) = -50*i**2 - 19*i - 11. Let p(x) = 12*x**2 + 5*x + 2. Let l(u) = -4*b(u) - 17*p(u). Calculate l(2).
-24
Let n(c) = c**3 - 9*c**2 + 8*c + 3. Let s be ((-85)/34 - -7)*2. Calculate n(s).
75
Let q be (96/117 + 2/(-13))*-219. Let a = q + 96. Let g = -54 - a. Let s(h) = h**3 + 4*h**2 - 2*h + 5. Calculate s(g).
13
Let u(c) = c**3 - c**2 - c - 1. Let w(y) = -7*y**3 + 20*y**2 + 5*y + 2. Let x(h) = 8*u(h) + w(h). What is x(-12)?
30
Let i(v) be the third derivative of v**4/6 - 9*v**3/2 - 839*v**2. Determine i(5).
-7
Let f(r) = 126*r - 143. Let z(x) = -91*x + 95. Let p(d) = 5*f(d) + 7*z(d). Determine p(-7).
-1
Let j be 20 - (24/(-3))/(-4). Let q(z) = 3*z - 32 + 20 - z**2 + j. What is q(6)?
-12
Let c(d) = 5*d**2 + 6*d + 6. Let u(h) = 2*h**2 - h**2 + 1 - 1. Let a(p) = c(p) - 6*u(p). Let t be 422 + -410 + (1/1 - 8). What is a(t)?
11
Suppose 0 = 2*u + 4, 5*o + 52*u = 53*u - 18. Let z(d) be the second derivative of -d**5/20 - 5*d**4/12 - d**3/6 + 4*d**2 - 3*d. Calculate z(o).
-4
Let p be -5*(14/5)/14. Let z(o) = 4*o**2 - o + 1. What is z(p)?
6
Let r(k) = 3*k**2 - 31*k - 29. Let f be r(11). Let j(x) = 2*x**2 + 14*x + 9. Determine j(f).
9
Let l(z) be the third derivative of -z**7/1680 + z**6/144 + z**5/2 - z**3/3 - 296*z**2. Let v(n) be the third derivative of l(n). Calculate v(7).
-16
Let m(d) = 492 - 632*d + 1668*d - 550*d - d**2 - 562*d. What is m(6)?
0
Suppose 15*r + 10 = 11*r + 2*c, -3*r = -4*c + 10. Let a be r/(6 + -6 + 2). Let z(n) = 21*n - 1. Give z(a).
-22
Let j(t) be the second derivative of -t**3/3 + 3*t**2 - 42*t. Let a(f) = 0*f**2 - 22 - 9*f**2 - f**2 + 11*f + 9*f**2. Let s be a(4). What is j(s)?
-6
Suppose -17 = -5*i - 2*w, 12 = 18*i - 15*i + 3*w. Let g(f) be the first derivative of 1/2*f**2 + 21 + i*f. What is g(-4)?
-1
Let y = -51 - -64. Suppose -y*q + 24 = -2. Let l(j) = j - j**2 + 2*j**q - 4*j - 6. Determine l(5).
4
Let n(r) = -r - 4. Let k(d) = 11*d - 338. Let q be 34 - (-10)/(1 + -6). Let f be k(q). Determine n(f).
-18
Let m(q) = 10*q - 5. Let g(j) = -41*j + 21. Let d(l) = -2*g(l) - 9*m(l). Let b be d(0). Suppose 15 = b*v - 6. Let c(n) = n**2 - 4*n - 4. Calculate c(v).
17
Let t = 6270 + -6278. Let f(l) be the second derivative of -l**5/20 - 7*l**4/12 + 11*l**3/6 + 6*l**2 + 4*l. Determine f(t).
-12
Let n(q) = -13*q - 113 - 52 + 25. Calcu